Dec 02 01:19:04.118 INFO testing alamminsalo/fft against master#8940af3cea4a9a9deabcaf843b2f8cad9a83fc61 for beta-1.31-5
Dec 02 01:19:04.118 INFO running `"docker" "create" "-v" "/mnt/big/crater/work/local/target-dirs/beta-1.31-5/worker-2/master#8940af3cea4a9a9deabcaf843b2f8cad9a83fc61:/target:rw,Z" "-v" "/mnt/big/crater/work/local/test-source/worker-2/beta-1.31-5/master#8940af3cea4a9a9deabcaf843b2f8cad9a83fc61:/source:ro,Z" "-v" "/mnt/big/crater/work/local/cargo-home:/cargo-home:ro,Z" "-v" "/mnt/big/crater/work/local/rustup-home:/rustup-home:ro,Z" "-e" "USER_ID=1000" "-e" "SOURCE_DIR=/source" "-e" "USER_ID=1000" "-e" "CMD=cargo +8940af3cea4a9a9deabcaf843b2f8cad9a83fc61-alt build --frozen" "-e" "CARGO_TARGET_DIR=/target" "-e" "CARGO_INCREMENTAL=0" "-e" "RUST_BACKTRACE=full" "-e" "RUSTFLAGS=--cap-lints=warn" "-e" "CARGO_HOME=/cargo-home" "-e" "RUSTUP_HOME=/rustup-home" "-m" "1536M" "--network" "none" "crater"`
Dec 02 01:19:04.629 INFO [stdout] 2307651c7214ac299362bfe69e093b599aedfefe712407853cc580657df29eb7
Dec 02 01:19:04.633 INFO running `"docker" "start" "-a" "2307651c7214ac299362bfe69e093b599aedfefe712407853cc580657df29eb7"`
Dec 02 01:19:06.623 INFO [stderr] usermod: no changes
Dec 02 01:19:06.732 INFO [stderr]    Compiling num-complex v0.2.1
Dec 02 01:19:06.747 INFO [stderr]    Compiling tui v0.2.3
Dec 02 01:19:13.341 INFO [stderr]    Compiling fft v0.1.0 (/source)
Dec 02 01:19:16.535 INFO [stderr] warning: unused variable: `analysis`
Dec 02 01:19:16.535 INFO [stderr]    --> src/main.rs:121:17
Dec 02 01:19:16.535 INFO [stderr]     |
Dec 02 01:19:16.535 INFO [stderr] 121 |             let analysis = fft::analyze(&sample, ft_min, ft_max, ft_ss);
Dec 02 01:19:16.535 INFO [stderr]     |                 ^^^^^^^^ help: consider using `_analysis` instead
Dec 02 01:19:16.535 INFO [stderr]     |
Dec 02 01:19:16.535 INFO [stderr]     = note: #[warn(unused_variables)] on by default
Dec 02 01:19:16.535 INFO [stderr] 
Dec 02 01:19:20.131 INFO [stderr]     Finished dev [unoptimized + debuginfo] target(s) in 13.48s
Dec 02 01:19:20.135 INFO [stderr] su: No module specific data is present
Dec 02 01:19:21.709 INFO running `"docker" "inspect" "2307651c7214ac299362bfe69e093b599aedfefe712407853cc580657df29eb7"`
Dec 02 01:19:21.979 INFO running `"docker" "rm" "-f" "2307651c7214ac299362bfe69e093b599aedfefe712407853cc580657df29eb7"`
Dec 02 01:19:22.222 INFO [stdout] 2307651c7214ac299362bfe69e093b599aedfefe712407853cc580657df29eb7
Dec 02 01:19:22.225 INFO running `"docker" "create" "-v" "/mnt/big/crater/work/local/target-dirs/beta-1.31-5/worker-2/master#8940af3cea4a9a9deabcaf843b2f8cad9a83fc61:/target:rw,Z" "-v" "/mnt/big/crater/work/local/test-source/worker-2/beta-1.31-5/master#8940af3cea4a9a9deabcaf843b2f8cad9a83fc61:/source:ro,Z" "-v" "/mnt/big/crater/work/local/cargo-home:/cargo-home:ro,Z" "-v" "/mnt/big/crater/work/local/rustup-home:/rustup-home:ro,Z" "-e" "USER_ID=1000" "-e" "SOURCE_DIR=/source" "-e" "USER_ID=1000" "-e" "CMD=cargo +8940af3cea4a9a9deabcaf843b2f8cad9a83fc61-alt test --frozen --no-run" "-e" "CARGO_TARGET_DIR=/target" "-e" "CARGO_INCREMENTAL=0" "-e" "RUST_BACKTRACE=full" "-e" "RUSTFLAGS=--cap-lints=warn" "-e" "CARGO_HOME=/cargo-home" "-e" "RUSTUP_HOME=/rustup-home" "-m" "1536M" "--network" "none" "crater"`
Dec 02 01:19:22.591 INFO [stdout] 93227cad9a94f2b240bb513908c41d186ee4674c90eaf5fdc8985a8a4f4617ef
Dec 02 01:19:22.599 INFO running `"docker" "start" "-a" "93227cad9a94f2b240bb513908c41d186ee4674c90eaf5fdc8985a8a4f4617ef"`
Dec 02 01:19:24.159 INFO [stderr] usermod: no changes
Dec 02 01:19:24.275 INFO [stderr]    Compiling fft v0.1.0 (/source)
Dec 02 01:19:25.767 INFO [stderr] error[E0308]: mismatched types
Dec 02 01:19:25.767 INFO [stderr]    --> src/lib.rs:158:35
Dec 02 01:19:25.767 INFO [stderr]     |
Dec 02 01:19:25.767 INFO [stderr] 158 |         let circle = graph_circle(&sine, 5.0);
Dec 02 01:19:25.767 INFO [stderr]     |                                   ^^^^^ expected slice, found struct `Sample`
Dec 02 01:19:25.767 INFO [stderr]     |
Dec 02 01:19:25.767 INFO [stderr]     = note: expected type `&[(f32, f32)]`
Dec 02 01:19:25.767 INFO [stderr]                found type `&Sample`
Dec 02 01:19:25.767 INFO [stderr] 
Dec 02 01:19:25.895 INFO [stderr] error[E0308]: mismatched types
Dec 02 01:19:25.895 INFO [stderr]    --> src/lib.rs:167:35
Dec 02 01:19:25.895 INFO [stderr]     |
Dec 02 01:19:25.895 INFO [stderr] 167 |         let circle = graph_circle(&sine, 5.0);
Dec 02 01:19:25.895 INFO [stderr]     |                                   ^^^^^ expected slice, found struct `Sample`
Dec 02 01:19:25.895 INFO [stderr]     |
Dec 02 01:19:25.895 INFO [stderr]     = note: expected type `&[(f32, f32)]`
Dec 02 01:19:25.895 INFO [stderr]                found type `&Sample`
Dec 02 01:19:25.895 INFO [stderr] 
Dec 02 01:19:26.003 INFO [stderr] error[E0308]: mismatched types
Dec 02 01:19:26.003 INFO [stderr]    --> src/lib.rs:171:35
Dec 02 01:19:26.003 INFO [stderr]     |
Dec 02 01:19:26.003 INFO [stderr] 171 |         let circle = graph_circle(&sine, 10.0);
Dec 02 01:19:26.003 INFO [stderr]     |                                   ^^^^^ expected slice, found struct `Sample`
Dec 02 01:19:26.003 INFO [stderr]     |
Dec 02 01:19:26.003 INFO [stderr]     = note: expected type `&[(f32, f32)]`
Dec 02 01:19:26.003 INFO [stderr]                found type `&Sample`
Dec 02 01:19:26.003 INFO [stderr] 
Dec 02 01:19:26.119 INFO [stderr] error[E0308]: mismatched types
Dec 02 01:19:26.119 INFO [stderr]    --> src/lib.rs:180:35
Dec 02 01:19:26.119 INFO [stderr]     |
Dec 02 01:19:26.119 INFO [stderr] 180 |         let circle = graph_circle(&sine, 5.0);
Dec 02 01:19:26.119 INFO [stderr]     |                                   ^^^^^ expected slice, found struct `Sample`
Dec 02 01:19:26.119 INFO [stderr]     |
Dec 02 01:19:26.119 INFO [stderr]     = note: expected type `&[(f32, f32)]`
Dec 02 01:19:26.119 INFO [stderr]                found type `&Sample`
Dec 02 01:19:26.119 INFO [stderr] 
Dec 02 01:19:26.211 INFO [stderr] warning: unused variable: `analysis`
Dec 02 01:19:26.211 INFO [stderr]    --> src/main.rs:121:17
Dec 02 01:19:26.211 INFO [stderr]     |
Dec 02 01:19:26.211 INFO [stderr] 121 |             let analysis = fft::analyze(&sample, ft_min, ft_max, ft_ss);
Dec 02 01:19:26.211 INFO [stderr]     |                 ^^^^^^^^ help: consider using `_analysis` instead
Dec 02 01:19:26.211 INFO [stderr]     |
Dec 02 01:19:26.211 INFO [stderr]     = note: #[warn(unused_variables)] on by default
Dec 02 01:19:26.211 INFO [stderr] 
Dec 02 01:19:26.239 INFO [stderr] error[E0308]: mismatched types
Dec 02 01:19:26.239 INFO [stderr]    --> src/lib.rs:191:35
Dec 02 01:19:26.239 INFO [stderr]     |
Dec 02 01:19:26.239 INFO [stderr] 191 |         let circle = graph_circle(&sine, 5.0);
Dec 02 01:19:26.239 INFO [stderr]     |                                   ^^^^^ expected slice, found struct `Sample`
Dec 02 01:19:26.239 INFO [stderr]     |
Dec 02 01:19:26.239 INFO [stderr]     = note: expected type `&[(f32, f32)]`
Dec 02 01:19:26.239 INFO [stderr]                found type `&Sample`
Dec 02 01:19:26.239 INFO [stderr] 
Dec 02 01:19:26.629 INFO [stderr] error[E0308]: mismatched types
Dec 02 01:19:26.629 INFO [stderr]    --> src/lib.rs:197:35
Dec 02 01:19:26.629 INFO [stderr]     |
Dec 02 01:19:26.629 INFO [stderr] 197 |         let circle = graph_circle(&sine, 60.0);
Dec 02 01:19:26.629 INFO [stderr]     |                                   ^^^^^ expected slice, found struct `Sample`
Dec 02 01:19:26.629 INFO [stderr]     |
Dec 02 01:19:26.629 INFO [stderr]     = note: expected type `&[(f32, f32)]`
Dec 02 01:19:26.629 INFO [stderr]                found type `&Sample`
Dec 02 01:19:26.630 INFO [stderr] 
Dec 02 01:19:26.855 INFO [stderr] error[E0308]: mismatched types
Dec 02 01:19:26.855 INFO [stderr]    --> src/lib.rs:205:35
Dec 02 01:19:26.855 INFO [stderr]     |
Dec 02 01:19:26.855 INFO [stderr] 205 |         let circle = graph_circle(&sine, 5.0);
Dec 02 01:19:26.855 INFO [stderr]     |                                   ^^^^^ expected slice, found struct `Sample`
Dec 02 01:19:26.855 INFO [stderr]     |
Dec 02 01:19:26.855 INFO [stderr]     = note: expected type `&[(f32, f32)]`
Dec 02 01:19:26.855 INFO [stderr]                found type `&Sample`
Dec 02 01:19:26.855 INFO [stderr] 
Dec 02 01:19:27.011 INFO [stderr] error[E0308]: mismatched types
Dec 02 01:19:27.011 INFO [stderr]    --> src/lib.rs:212:35
Dec 02 01:19:27.011 INFO [stderr]     |
Dec 02 01:19:27.011 INFO [stderr] 212 |         let circle = graph_circle(&sine, 60.0);
Dec 02 01:19:27.011 INFO [stderr]     |                                   ^^^^^ expected slice, found struct `Sample`
Dec 02 01:19:27.011 INFO [stderr]     |
Dec 02 01:19:27.011 INFO [stderr]     = note: expected type `&[(f32, f32)]`
Dec 02 01:19:27.011 INFO [stderr]                found type `&Sample`
Dec 02 01:19:27.011 INFO [stderr] 
Dec 02 01:19:27.091 INFO [stderr] error: aborting due to 8 previous errors
Dec 02 01:19:27.091 INFO [stderr] 
Dec 02 01:19:27.091 INFO [stderr] For more information about this error, try `rustc --explain E0308`.
Dec 02 01:19:27.111 INFO [stderr] error: Could not compile `fft`.
Dec 02 01:19:27.111 INFO [stderr] 
Dec 02 01:19:27.111 INFO [stderr] To learn more, run the command again with --verbose.
Dec 02 01:19:27.113 INFO [stderr] su: No module specific data is present
Dec 02 01:19:28.391 INFO running `"docker" "inspect" "93227cad9a94f2b240bb513908c41d186ee4674c90eaf5fdc8985a8a4f4617ef"`
Dec 02 01:19:28.693 INFO running `"docker" "rm" "-f" "93227cad9a94f2b240bb513908c41d186ee4674c90eaf5fdc8985a8a4f4617ef"`
Dec 02 01:19:29.002 INFO [stdout] 93227cad9a94f2b240bb513908c41d186ee4674c90eaf5fdc8985a8a4f4617ef
